{"id":85,"date":"2023-01-23T07:44:15","date_gmt":"2023-01-23T07:44:15","guid":{"rendered":"http:\/\/bracketweb.com\/agrionwp\/?page_id=85"},"modified":"2025-08-02T00:00:42","modified_gmt":"2025-08-02T00:00:42","slug":"contact","status":"publish","type":"page","link":"https:\/\/baskentsaman.com\/?page_id=85","title":{"rendered":"Bize Ula\u015f\u0131n!"},"content":{"rendered":"\t\t<div data-elementor-type=\"wp-page\" data-elementor-id=\"85\" class=\"elementor elementor-85\">\n\t\t\t\t\t\t<section class=\"elementor-section elementor-top-section elementor-element elementor-element-5af4d2a elementor-section-boxed elementor-section-height-default elementor-section-height-default\" data-id=\"5af4d2a\" data-element_type=\"section\" data-e-type=\"section\">\n\t\t\t\t\t\t<div class=\"elementor-container elementor-column-gap-default\">\n\t\t\t\t\t<div class=\"elementor-column elementor-col-100 elementor-top-column elementor-element elementor-element-2631f8c\" data-id=\"2631f8c\" data-element_type=\"column\" data-e-type=\"column\">\n\t\t\t<div class=\"elementor-widget-wrap elementor-element-populated\">\n\t\t\t\t\t\t<div class=\"elementor-element elementor-element-7c02c5a elementor-widget elementor-widget-agrion-google-maps\" data-id=\"7c02c5a\" data-element_type=\"widget\" data-e-type=\"widget\" data-widget_type=\"agrion-google-maps.default\">\n\t\t\t\t<div class=\"elementor-widget-container\">\n\t\t\t\t\t<div class=\"elementor-custom-embed\">\r\n\t<iframe src=\"https:\/\/maps.google.com\/maps?q=Ankara%20%2C%20Beypazar%C4%B1&#038;t=m&#038;z=10&#038;output=embed&#038;iwloc=near\" title=\"Ankara , Beypazar\u0131\" aria-label=\"Ankara , Beypazar\u0131\"><\/iframe>\r\n<\/div>\t\t\t\t<\/div>\n\t\t\t\t<\/div>\n\t\t\t\t\t<\/div>\n\t\t<\/div>\n\t\t\t\t\t<\/div>\n\t\t<\/section>\n\t\t\t\t<section class=\"elementor-section elementor-top-section elementor-element elementor-element-bdfa230 elementor-section-stretched elementor-section-boxed elementor-section-height-default elementor-section-height-default\" data-id=\"bdfa230\" data-element_type=\"section\" data-e-type=\"section\" data-settings=\"{&quot;stretch_section&quot;:&quot;section-stretched&quot;}\">\n\t\t\t\t\t\t<div class=\"elementor-container elementor-column-gap-no\">\n\t\t\t\t\t<div class=\"elementor-column elementor-col-100 elementor-top-column elementor-element elementor-element-4e4a760\" data-id=\"4e4a760\" data-element_type=\"column\" data-e-type=\"column\">\n\t\t\t<div class=\"elementor-widget-wrap elementor-element-populated\">\n\t\t\t\t\t\t<div class=\"elementor-element elementor-element-dcb1469 elementor-widget elementor-widget-agrion-contact-info\" data-id=\"dcb1469\" data-element_type=\"widget\" data-e-type=\"widget\" data-widget_type=\"agrion-contact-info.default\">\n\t\t\t\t<div class=\"elementor-widget-container\">\n\t\t\t\t\t    <div class=\"container\">\r\n        <div class=\"contact-details\">\r\n            <div class=\"row\">\r\n                                                            <div class=\"col-xl-3 col-lg-6 col-md-6\">\r\n                            <div class=\"contact-details__single \">\r\n                                <div class=\"contact-details__icon icon-svg\">\r\n                                    <span aria-hidden=\"true\" class=\"  icon-help\"><\/span>                                <\/div>\r\n                                <div class=\"contact-details__text\">\r\n                                    <p class=\"\">Telefon<\/p>                                    <h3>\r\n                                        <a href=\"tel:9288006802\">WP \u0130LET\u0130\u015e\u0130M HATTI<\/a>                                    <\/h3>\r\n                                <\/div>\r\n                            <\/div>\r\n                        <\/div>\r\n                                            <div class=\"col-xl-3 col-lg-6 col-md-6\">\r\n                            <div class=\"contact-details__single \">\r\n                                <div class=\"contact-details__icon icon-svg\">\r\n                                    <span aria-hidden=\"true\" class=\"   icon-mailbox\"><\/span>                                <\/div>\r\n                                <div class=\"contact-details__text\">\r\n                                    <p class=\" \">Mail<\/p>                                    <h3>\r\n                                        <a href=\"mailto:info@baskentsaman.com\">info@baskentsaman.com<\/a>                                    <\/h3>\r\n                                <\/div>\r\n                            <\/div>\r\n                        <\/div>\r\n                                            <div class=\"col-xl-3 col-lg-6 col-md-6\">\r\n                            <div class=\"contact-details__single contact-details__single-last\">\r\n                                <div class=\"contact-details__icon icon-svg\">\r\n                                    <span aria-hidden=\"true\" class=\"   icon-maps-and-flags\"><\/span>                                <\/div>\r\n                                <div class=\"contact-details__text\">\r\n                                    <p class=\"  \">Lokasyon<\/p>                                    <h3>\r\n                                        Ankara Beypazar\u0131                                    <\/h3>\r\n                                <\/div>\r\n                            <\/div>\r\n                        <\/div>\r\n                                                    <div class=\"col-xl-3 col-lg-6 col-md-6\">\r\n                    <div class=\"contact-details__single\">\r\n                        <div class=\"contact-details__social\">\r\n                                                            <a class=\"icon-svg\" href=\"https:\/\/facebook.com\/\">\r\n                                    <i aria-hidden=\"true\" class=\"  fab fa-facebook-f\"><\/i>                                <\/a>\r\n                                                            <a class=\"icon-svg\" href=\"https:\/\/twittter.com\/\">\r\n                                    <svg aria-hidden=\"true\" class=\"  e-font-icon-svg e-fab-twitter\" viewBox=\"0 0 512 512\" xmlns=\"http:\/\/www.w3.org\/2000\/svg\"><path d=\"M459.37 151.716c.325 4.548.325 9.097.325 13.645 0 138.72-105.583 298.558-298.558 298.558-59.452 0-114.68-17.219-161.137-47.106 8.447.974 16.568 1.299 25.34 1.299 49.055 0 94.213-16.568 130.274-44.832-46.132-.975-84.792-31.188-98.112-72.772 6.498.974 12.995 1.624 19.818 1.624 9.421 0 18.843-1.3 27.614-3.573-48.081-9.747-84.143-51.98-84.143-102.985v-1.299c13.969 7.797 30.214 12.67 47.431 13.319-28.264-18.843-46.781-51.005-46.781-87.391 0-19.492 5.197-37.36 14.294-52.954 51.655 63.675 129.3 105.258 216.365 109.807-1.624-7.797-2.599-15.918-2.599-24.04 0-57.828 46.782-104.934 104.934-104.934 30.213 0 57.502 12.67 76.67 33.137 23.715-4.548 46.456-13.32 66.599-25.34-7.798 24.366-24.366 44.833-46.132 57.827 21.117-2.273 41.584-8.122 60.426-16.243-14.292 20.791-32.161 39.308-52.628 54.253z\"><\/path><\/svg>                                <\/a>\r\n                                                            <a class=\"icon-svg\" href=\"https:\/\/pinterest.com\/\">\r\n                                    <svg aria-hidden=\"true\" class=\"  e-font-icon-svg e-fab-pinterest-p\" viewBox=\"0 0 384 512\" xmlns=\"http:\/\/www.w3.org\/2000\/svg\"><path d=\"M204 6.5C101.4 6.5 0 74.9 0 185.6 0 256 39.6 296 63.6 296c9.9 0 15.6-27.6 15.6-35.4 0-9.3-23.7-29.1-23.7-67.8 0-80.4 61.2-137.4 140.4-137.4 68.1 0 118.5 38.7 118.5 109.8 0 53.1-21.3 152.7-90.3 152.7-24.9 0-46.2-18-46.2-43.8 0-37.8 26.4-74.4 26.4-113.4 0-66.2-93.9-54.2-93.9 25.8 0 16.8 2.1 35.4 9.6 50.7-13.8 59.4-42 147.9-42 209.1 0 18.9 2.7 37.5 4.5 56.4 3.4 3.8 1.7 3.4 6.9 1.5 50.4-69 48.6-82.5 71.4-172.8 12.3 23.4 44.1 36 69.3 36 106.2 0 153.9-103.5 153.9-196.8C384 71.3 298.2 6.5 204 6.5z\"><\/path><\/svg>                                <\/a>\r\n                                                            <a class=\"icon-svg\" href=\"https:\/\/instagram.com\/\">\r\n                                    <svg aria-hidden=\"true\" class=\"  e-font-icon-svg e-fab-instagram\" viewBox=\"0 0 448 512\" xmlns=\"http:\/\/www.w3.org\/2000\/svg\"><path d=\"M224.1 141c-63.6 0-114.9 51.3-114.9 114.9s51.3 114.9 114.9 114.9S339 319.5 339 255.9 287.7 141 224.1 141zm0 189.6c-41.1 0-74.7-33.5-74.7-74.7s33.5-74.7 74.7-74.7 74.7 33.5 74.7 74.7-33.6 74.7-74.7 74.7zm146.4-194.3c0 14.9-12 26.8-26.8 26.8-14.9 0-26.8-12-26.8-26.8s12-26.8 26.8-26.8 26.8 12 26.8 26.8zm76.1 27.2c-1.7-35.9-9.9-67.7-36.2-93.9-26.2-26.2-58-34.4-93.9-36.2-37-2.1-147.9-2.1-184.9 0-35.8 1.7-67.6 9.9-93.9 36.1s-34.4 58-36.2 93.9c-2.1 37-2.1 147.9 0 184.9 1.7 35.9 9.9 67.7 36.2 93.9s58 34.4 93.9 36.2c37 2.1 147.9 2.1 184.9 0 35.9-1.7 67.7-9.9 93.9-36.2 26.2-26.2 34.4-58 36.2-93.9 2.1-37 2.1-147.8 0-184.8zM398.8 388c-7.8 19.6-22.9 34.7-42.6 42.6-29.5 11.7-99.5 9-132.1 9s-102.7 2.6-132.1-9c-19.6-7.8-34.7-22.9-42.6-42.6-11.7-29.5-9-99.5-9-132.1s-2.6-102.7 9-132.1c7.8-19.6 22.9-34.7 42.6-42.6 29.5-11.7 99.5-9 132.1-9s102.7-2.6 132.1 9c19.6 7.8 34.7 22.9 42.6 42.6 11.7 29.5 9 99.5 9 132.1s2.7 102.7-9 132.1z\"><\/path><\/svg>                                <\/a>\r\n                                                    <\/div>\r\n                    <\/div>\r\n                <\/div>\r\n            <\/div>\r\n        <\/div>\r\n    <\/div>\r\n\t\t\t\t<\/div>\n\t\t\t\t<\/div>\n\t\t\t\t\t<\/div>\n\t\t<\/div>\n\t\t\t\t\t<\/div>\n\t\t<\/section>\n\t\t\t\t<\/div>\n\t\t","protected":false},"excerpt":{"rendered":"<p>Telefon WP \u0130LET\u0130\u015e\u0130M HATTI Mail info@baskentsaman.com Lokasyon Ankara Beypazar\u0131<\/p>\n","protected":false},"author":1,"featured_media":0,"parent":0,"menu_order":0,"comment_status":"closed","ping_status":"closed","template":"elementor_header_footer","meta":{"footnotes":""},"class_list":["post-85","page","type-page","status-publish","hentry"],"aioseo_notices":[],"_links":{"self":[{"href":"https:\/\/baskentsaman.com\/index.php?rest_route=\/wp\/v2\/pages\/85","targetHints":{"allow":["GET"]}}],"collection":[{"href":"https:\/\/baskentsaman.com\/index.php?rest_route=\/wp\/v2\/pages"}],"about":[{"href":"https:\/\/baskentsaman.com\/index.php?rest_route=\/wp\/v2\/types\/page"}],"author":[{"embeddable":true,"href":"https:\/\/baskentsaman.com\/index.php?rest_route=\/wp\/v2\/users\/1"}],"replies":[{"embeddable":true,"href":"https:\/\/baskentsaman.com\/index.php?rest_route=%2Fwp%2Fv2%2Fcomments&post=85"}],"version-history":[{"count":5,"href":"https:\/\/baskentsaman.com\/index.php?rest_route=\/wp\/v2\/pages\/85\/revisions"}],"predecessor-version":[{"id":1366,"href":"https:\/\/baskentsaman.com\/index.php?rest_route=\/wp\/v2\/pages\/85\/revisions\/1366"}],"wp:attachment":[{"href":"https:\/\/baskentsaman.com\/index.php?rest_route=%2Fwp%2Fv2%2Fmedia&parent=85"}],"curies":[{"name":"wp","href":"https:\/\/api.w.org\/{rel}","templated":true}]}}